 f(a) = -3*a - 4. Suppose -2*m = -5*c + 9, -3*c - 2*m = m - 18. Let g(z) = c*r(z) - 2*f(z). Give g(-1).
2
Let j(a) = -2*a + 78. Let o(n) = -n + 37. Let p(z) = -2*j(z) + 5*o(z). Calculate p(0).
29
Let u(h) = -h**2 - 4*h + 3. Let w = 12 + 12. Let c = 4 + w. Suppose -l - 4*p - 25 = 0, 0 = -3*l - 5*p - c - 12. Determine u(l).
-2
Let y(b) = b**3 - b**2 - b - 2. Let r(p) = -p**3 - 6*p**2 + 9*p + 14. Let f be 44/(-6) - (-4)/12. Let a be r(f). Calculate y(a).
-2
Let m(c) = c**2 - 6*c. Let q(f) = -4*f**2 + 17*f. Let z(j) = -7*m(j) - 2*q(j). What is z(-8)?
0
Suppose 96 = 6*u + 102. Let t(a) = 15*a**3 - 2*a**2 - 2*a - 1. What is t(u)?
-16
Let w(v) be the second derivative of -v**3 - v**2 - 53*v. Calculate w(-4).
22
Let n(o) = o**3 + 5*o**2 - 6. Let w be (-1)/(-7) + (-432)/84. Calculate n(w).
-6
Let r(u) = -u**2 - 14*u + 2. Let j(o) = -o + 1. Let p(t) = -4*j(t) + r(t). What is p(-8)?
14
Let d(y) = 21 + 38 + 9*y - 62. What is d(-3)?
-30
Suppose 2*i - 7 = 3*c + 6, -2*c = 4*i - 2. Let k be -4 + (-16)/(-4) + i. Let t(h) = 13*h + k + 5*h - 13*h. Give t(-2).
-8
Let j be (-83)/5 - 14/10. Let d(k) = -2*k - 35. Calculate d(j).
1
Let w(h) = 2*h**3 + 5*h**2 - 5*h + 2. Let a(s) = -3*s**3 - 10*s**2 + 10*s - 4. Let t(u) = 4*a(u) + 7*w(u). Let f be 3/14*(-12 + 10)*-7. Determine t(f).
22
Let a(m) be the second derivative of -m**5/20 - m**4/6 + m**2 - 42*m. Suppose 3*j - 4*j = -2. Determine a(j).
-14
Let r(m) = -5*m**2 + 47*m - 1. Let x(z) = 6*z**2 - 58*z + 2. Let q(k) = 7*r(k) + 6*x(k). What is q(18)?
-13
Let p(w) be the third derivative of 16*w**2 + 0*w + 0*w**4 - 1/6*w**3 + 0 - 1/60*w**5. What is p(-1)?
-2
Let d(o) = o**2 - 5*o - 3. Let g(p) = -5*p**2 + 17 + 5*p**2 - 5 - 5*p**2 + 20*p. Let j(h) = -9*d(h) - 2*g(h). What is j(-5)?
3
Let b(p) = 11*p**2 - 9*p - 23. Let r(c) = -30*c**2 + 25*c + 68. Let s(q) = 11*b(q) + 4*r(q). What is s(-8)?
75
Suppose 11*b = -663 + 630. Let s(k) = k - 1. Let p(w) = -12*w + 15. Let t(u) = 6*p(u) + 78*s(u). Let i be t(b). Let o(m) = 3*m + 1. Give o(i).
-17
Suppose 300 + 8 = 44*c. Let d(o) = -o**3 + 9*o**2 - 15*o + 6. Give d(c).
-1
Let a(i) be the second derivative of -3/2*i**2 - 5/12*i**4 + 0 + 6*i + 1/3*i**3 + 1/20*i**5. Calculate a(5).
7
Let n be (-3 - (1 - -16)) + 2. Let q = -14 - n. Let b(r) = -3*r**2 - 2*r - 60 + 64 + q*r**2. What is b(3)?
7
Let c(x) = -x + 2. Let z = 13 + -19. Let g be (z/(-4))/((-9)/(-30)). Calculate c(g).
-3
Let w = 22 + -2. Let m = -5 + w. Suppose -5*a + m - 45 = 0. Let i(r) = -r - 7. What is i(a)?
-1
Let f(v) be the third derivative of v**6/20 + v**5/60 + 5*v**2. Let i = -20 + 21. Determine f(i).
7
Let u(y) = -8*y - 3. Let g(s) = 9*s + 4. Let n be -2 + 6/(-6) + -3. Let x(c) = n*g(c) - 7*u(c). Give x(4).
5
Let t(g) = 17*g**2 - 10*g**2 - 10*g**2 - 2*g + 4*g**2. Suppose j = -3, 3 = 5*w + 2*j + 2*j. Give t(w).
3
Suppose -r - 6*n = -3*n + 4, 4*r + 2 = -5*n. Let w(o) = -3*o - 7. Let z(c) = -3*c - 6. Let g(f) = -4*w(f) + 5*z(f). What is g(r)?
-8
Suppose -12*h = 24*h + 216. Let k(v) = -v**3 - 5*v**2 + 7*v - 5. Give k(h).
-11
Suppose -9*p + 12*p = 15. Let c be -1*(-3)/p*10. Let b(f) = f + 2. Determine b(c).
8
Let v(l) = l**2 - 9*l - 4. Let x be 15*((-60)/(-18))/10. What is v(x)?
-24
Let o = -329 + 335. Let q(a) = -2*a - 1. What is q(o)?
-13
Let t(b) be the second derivative of -1/20*b**5 - 1/2*b**3 - 1/2*b**2 + 24*b - 1/3*b**4 + 0. What is t(-3)?
-1
Let z be 4/(-3*4/24). Let u = 11 + z. Let c(t) = -t**3 + 3*t - t**2 + u*t + 4*t**2 - 4 - 3*t. Give c(4).
-8
Let r(w) = w**3 - 7*w**2 + 7*w + 8. Let a be (280/70)/((-2)/(-3)). Calculate r(a).
14
Suppose d - 5*p - 4 = -0*d, 0 = -3*d + 2*p + 12. Let k(n) be the first derivative of -6 - 5/3*n**3 - 1/4*n**d + n - 3/2*n**2. Determine k(-4).
-3
Let q(v) = -v**2 - 4*v + 5. Let j(s) = s**2 - 39*s - 130. Let x be j(-3). Determine q(x).
5
Let w = -51 - -51. Let o be (-1)/(3 - 3 - 1)*w. Let m(y) = y - 3. What is m(o)?
-3
Suppose -t - 3*f = -1, 63*t - 59*t + 3*f = 4. Let s(c) = 11*c**3 + c**2 - 2. Calculate s(t).
10
Let c(h) = -h + 4. Let g = 228 + -238. Determine c(g).
14
Let k(w) = w**3 + 6*w**2 + 3*w - 5. Suppose 8 = 4*i, 5*h + 34*i + 27 = 35*i. Calculate k(h).
5
Let q(d) = -16*d**2 - 3*d - 2. Let u = 2011 + -2012. Give q(u).
-15
Let n(a) = -55*a - 48*a + 153*a + 8 - 55*a. What is n(-6)?
38
Let b(w) = -8*w - 7. Let h(g) = 23*g + 20. Suppose -153 = -11*c + 34. Let a(l) = c*b(l) + 6*h(l). Determine a(1).
3
Let k(n) = n**3 - 2*n**2 - 7*n + 3. Let s = 827 + -822. Determine k(s).
43
Let j(l) = -2*l**3 + 23*l**2 + 13*l - 2. Let a(w) = -w**3 + 17*w**2 + 11*w - 3. Let n(t) = -4*a(t) + 3*j(t). Give n(2).
-16
Let j(g) = g**3 + 4*g**2 + g - 3. Let k(u) = -17*u - 2. Let a be k(0). Calculate j(a).
3
Let x(f) = 3*f**2 - 9*f - 8. Let m(k) = -2*k**2 + 5*k + 1. Let v(i) = m(i) + x(i). Suppose -s + 11 = 5*b - 2*b, s - 6 = -2*b. What is v(b)?
-2
Let w(f) = -f**3 + 11*f**2 + 11*f + 11. Let a be w(12). Let u be 2/(1 - -1) - a. Let h(y) = 0 - 9 + y**u + 2*y + 3*y + 8. What is h(-6)?
5
Let h(r) = r**3 + 30*r**2 + r + 33. Let q be h(-30). Suppose -q + 6 = d. Let f(i) = -3*i - 1. Determine f(d).
-10
Suppose 6*x = 3*x. Let k = 2 + -1. Let l(s) = -3*s + k + 6*s + x*s. Calculate l(-2).
-5
Let s(i) be the third derivative of i**5/60 - i**4/8 - i**3 + 256*i**2. Determine s(4).
-2
Suppose -35*n + 30*n + 140 = 0. Suppose 40 - n = -2*p. Let x(r) = r**3 + 7*r**2 + 7*r + 7. Determine x(p).
1
Let h(n) = n**2 + 3*n - 3. Suppose -6*g + 2 = -10. Let x be g/10 - 104/20. Calculate h(x).
7
Let y(d) = -7 + 8*d + 17 - 4*d - 2*d. What is y(8)?
26
Let q be -4 + 3/12 + (-1)/4. Let l(n) = -3*n + 4. What is l(q)?
16
Let p = 4 + -12. Let g(s) = s**3 + 8*s**2 - 3*s - 5. Let q be g(p). Let a = 18 - q. Let u(x) = -13*x**3 - x**2 + 1. Calculate u(a).
13
Let j(c) = 7*c**3 + 21*c**2 + c + 5. Let a(l) = -10*l**3 - 31*l**2 - l - 7. Let q(m) = 5*a(m) + 7*j(m). What is q(-8)?
-16
Let y(m) = 2*m**3 + m. Suppose -5*n = 3*w - 62, -6*n - 3*w = -2*n - 52. Suppose -5*v + n*v = 0. Suppose 5*f = -3*p - 2 - 3, f + 4*p + 1 = v. Calculate y(f).
-3
Let a(l) = l**2 - 4*l + 4. Let o(x) = -x**3 + 3*x**2 + 4*x + 1. Let h be (-4)/14 - (-210)/49. Let w be o(h). Let i be (0 + w)/1 - -2. Determine a(i).
1
Let x(f) = 31*f - 74. Let g(s) = -15*s + 34. Let b(o) = 13*g(o) + 6*x(o). Determine b(-2).
16
Suppose 0*k - 8 = -4*k. Suppose 2 = -0*m - 2*m + 3*l, -4*m = k*l - 28. Let c(y) be the second derivative of y**3/2 - 3*y**2/2 - 2*y. Give c(m).
12
Let y(h) = -4*h - 45. Let p(w) = -15*w + 272. Let g be p(19). Give y(g).
7
Let k be (-1 - 0/5) + 3. Suppose -5*y + 4*w = -3*y + 4, 2*y = -k*w + 8. Let p(r) = -r**3 + r**2 + 2. What is p(y)?
-2
Let s(k) = 12*k - 91. Let b(u) = -7*u + 45. Let h(t) = 9*b(t) + 5*s(t). Calculate h(-15).
-5
Let m(j) = 6*j**3 - 2*j**2 + j. Let f(d) be the first derivative of -d**2/2 + 2*d + 6. Let l be f(1). Give m(l).
5
Let k(p) = p**3 + 4*p**2 - p + 1. Suppose 0 = 2*m + 2*m + 16. Let v(z) = -2*z**2 - 3*z + 7. Let y be v(m). Let s = -15 - y. What is k(s)?
11
Suppose 0 = -5*l - 11 - 9. Let t = l - -6. Let c(f) = 2*f + 2*f + t*f - 4*f - 2. What is c(5)?
8
Let k(f) = 6*f**2 + 14 - 5*f**2 + 175*f - 191*f. Determine k(16).
14
Let b(x) = -2*x**2 + 3. Let p be b(-4). Let v be 6/(-21)*127 + (-14)/(-49). Let d = p - v. Let m(s) = s**2 - 6*s + 1. Calculate m(d).
8
Let x(s) be the first derivative of s**3/3 + 5*s**2/2 + 3*s - 205. Give x(-3).
-3
Let h(j) = j**2 + j + 1. Let t(u) = 5 - 6*u - 2 + 2*u**2 + 5 + 2. Let w(z) = -h(z) + t(z). Suppose 4*k + k - 30 = 0. Determine w(k).
3
Suppose 7*y = 88 + 164. Suppose y = -19*n + 23*n. Let l(f) = -n*f + 10*f - 2*f. Determine l(-6).
6
Let k(x) = x**3 + 16*x**2 - 2*x - 4. Let o = -1912 - -1896. Give k(o).
28
Let m be 2 - 9*6/(-18). Let c(x) = 4*x - 16. Give c(m).
4
Let y be 64/10 - 8/20. Let f(a) = 3*a + 0 + a**3 - 1 - a + y*a**2 + 2*a. Calculate f(-5).
4
Let p(j) = j + 28. Let o be p(-21). Let x(w) = -o*w**2 - w - w**3 + 0*w + w**2 + 5 + 2*w. Determine x(-6).
-1
Suppose w + 5*d + 1 = 0, 6 = -4*d + d. Let v(c) = -49*c**2 + 48*c**2 - 6 + 7*c + 2*c. Give v(w).
-6
Let w(l) be the third derivative of l**6/120 - 2*l**5/15 - l**4/12 + 2*l**3/3 - 43*l**2. Determine w(8).
-12
Let k(x) = -x - 14. Let y be k(-16). Let g(u) = -78*u**2 + 4*u + 43*u**y - u**3 + 39*u**2 + 4. Give g(5).
-1
Let a(q) = q**2 + 9*q - 1. Let r be a(-11). 